8) to base 15.
a1
Convert -3 (base 13) to base 15.
-3
0 (base 7) to base 4
0
4 (base 14) to base 4
10
What is 0 (base 8) in base 7?
0
-c (base 16) to base 9
-13
What is -28 (base 12) in base 11?
-2a
What is 22 (base 5) in base 6?
20
0 (base 11) to base 13
0
Convert -2a (base 11) to base 15.
-22
-22 (base 7) to base 2
-10000
What is 74 (base 15) in base 11?
9a
-132 (base 6) to base 13
-44
What is 0 (base 15) in base 7?
0
Convert -3 (base 10) to base 7.
-3
14 (base 8) to base 2
1100
What is 71 (base 14) in base 7?
201
Convert -88 (base 15) to base 2.
-10000000
-30 (base 7) to base 13
-18
What is -11110 (base 2) in base 4?
-132
-5 (base 8) to base 11
-5
1156 (base 7) to base 16
1b1
What is -2 (base 13) in base 5?
-2
Convert -32 (base 10) to base 14.
-24
What is -39 (base 15) in base 11?
-4a
226 (base 9) to base 16
ba
Convert -5 (base 7) to base 8.
-5
What is 4 (base 15) in base 4?
10
What is -40 (base 13) in base 9?
-57
Convert -2 (base 16) to base 10.
-2
Convert 39 (base 15) to base 8.
66
What is -48 (base 10) in base 8?
-60
Convert -25 (base 6) to base 7.
-23
104 (base 5) to base 8
35
-2 (base 6) to base 2
-10
Convert 15 (base 16) to base 14.
17
Convert 3 (base 7) to base 14.
3
What is 1130 (base 4) in base 12?
78
1120 (base 4) to base 5
323
Convert 64 (base 13) to base 15.
57
What is -10 (base 3) in base 16?
-3
21 (base 3) to base 11
7
What is 301 (base 7) in base 10?
148
What is 5 (base 10) in base 4?
11
What is 125 (base 7) in base 12?
58
What is -16b (base 13) in base 9?
-316
Convert -10110 (base 2) to base 4.
-112
Convert -4 (base 6) to base 16.
-4
What is 10 (base 3) in base 11?
3
Convert 1 (base 13) to base 2.
1
58 (base 15) to base 5
313
-5 (base 15) to base 3
-12
Convert 3 (base 6) to base 10.
3
Convert -3111 (base 4) to base 10.
-213
Convert -2 (base 4) to base 11.
-2
-1 (base 5) to base 9
-1
Convert -10101 (base 2) to base 9.
-23
Convert 2 (base 13) to base 3.
2
What is -4 (base 9) in base 16?
-4
What is 1 (base 5) in base 3?
1
Convert 2 (base 6) to base 13.
2
Convert 0 (base 8) to base 4.
0
What is -49 (base 15) in base 16?
-45
0 (base 9) to base 15
0
Convert -102 (base 3) to base 5.
-21
What is 2 (base 12) in base 5?
2
What is 135 (base 10) in base 8?
207
Convert -97 (base 15) to base 14.
-a2
Convert 114 (base 8) to base 5.
301
What is 1 (base 16) in base 3?
1
-2a (base 14) to base 9
-42
-103 (base 5) to base 15
-1d
Convert 203 (base 7) to base 14.
73
Convert -9 (base 16) to base 9.
-10
Convert -1 (base 8) to base 10.
-1
-3 (base 13) to base 6
-3
What is -14 (base 6) in base 15?
-a
What is -4 (base 7) in base 6?
-4
What is 5 (base 7) in base 13?
5
What is -7 (base 12) in base 2?
-111
What is 3 (base 12) in base 2?
11
13 (base 4) to base 15
7
What is -4 (base 13) in base 5?
-4
What is 66 (base 10) in base 15?
46
5 (base 12) to base 3
12
250 (base 6) to base 13
7b
What is 21 (base 8) in base 16?
11
What is -3 (base 12) in base 13?
-3
0 (base 2) to base 4
0
What is -21 (base 7) in base 10?
-15
Convert -12 (base 7) to base 16.
-9
Convert -302 (base 4) to base 3.
-1212
Convert 21 (base 4) to base 12.
9
-2 (base 7) to base 13
-2
Convert 0 (base 10) to base 6.
0
9 (base 14) to base 11
9
What is -13 (base 6) in base 10?
-9
What is -2 (base 13) in base 2?
-10
-281 (base 9) to base 3
-22201
Convert -213 (base 8) to base 13.
-a9
Convert 0 (base 4) to base 15.
0
What is 8 (base 10) in base 12?
8
Convert -100110101 (base 2) to base 9.
-373
-26 (base 11) to base 2
-11100
What is 131 (base 11) in base 13?
bc
Convert -3a (base 12) to base 2.
-101110
What is -10010 (base 2) in base 7?
-24
-5 (base 15) to base 2
-101
35 (base 13) to base 10
44
77 (base 8) to base 5
223
49 (base 15) to base 13
54
Convert -3 (base 6) to base 8.
-3
Convert 2 (base 3) to base 13.
2
4 (base 8) to base 12
4
22 (base 10) to base 6
34
What is 5 (base 8) in base 4?
11
Convert -b (base 12) to base 15.
-b
322 (base 4) to base 16
3a
Convert 2 (base 8) to base 6.
2
-114 (base 9) to base 7
-163
Convert 266 (base 7) to base 10.
146
What is -e0 (base 16) in base 11?
-194
-2 (base 8) to base 7
-2
Convert 15 (base 6) to base 12.
b
-6c (base 16) to base 4
-1230
What is 46 (base 15) in base 5?
231
26 (base 14) to base 10
34
Convert -1212 (base 3) to base 12.
-42
Convert -4 (base 15) to base 7.
-4
Convert -5 (base 13) to base 16.
-5
Convert 62 (base 15) to base 7.
161
Convert -16 (base 8) to base 6.
-22
What is 0 (base 15) in base 9?
0
What is -1 (base 6) in base 2?
-1
7 (base 11) to base 5
12
What is -a0 (base 11) in base 9?
-132
2 (base 15) to base 2
10
0 (base 13) to base 6
0
What is 21 (base 4) in base 15?
9
What is -36 (base 8) in base 13?
-24
dc (base 14) to base 5
1234
-15 (base 11) to base 14
-12
What is 4 (base 8) in base 2?
100
What is 11 (base 2) in base 7?
3
Convert 2 (base 10) to base 2.
10
Convert -a1 (base 12) to base 8.
-171
1 (base 15) to base 7
1
What is 1000 (base 3) in base 16?
1b
Convert 2 (base 11) to base 4.
2
Convert 1010010 (base 2) to base 15.
57
Convert -11 (base 4) to base 3.
-12
Convert -8 (base 9) to base 15.
-8
What is -2 (base 4) in base 12?
-2
Convert -2 (base 13) to base 15.
-2
-31 (base 11) to base 16
-22
What is 16 (base 12) in base 5?
33
6 (base 10) to base 9
6
What is -1 (base 11) in base 6?
-1
What is 20 (base 14) in base 4?
130
27 (base 16) to base 12
33
6 (base 8) to base 12
6
-1222 (base 3) to base 16
-35
Convert -14 (base 9) to base 11.
-12
What is 20 (base 3) in base 14?
6
What is 15 (base 12) in base 11?
16
16 (base 14) to base 12
18
8 (base 10) to base 6
12
Convert -2 (base 8) to base 10.
-2
Convert -6 (base 13) to base 4.
-12
Convert -3 (base 11) to base 8.
-3
What is -5 (base 13) in base 16?
-5
What is 35 (base 13) in base 7?
62
What is -8 (base 16) in base 10?
-8
What is 25 (base 7) in base 3?
201
Convert -22 (base 12) to base 13.
-20
What is -1a4 (base 13) in base 2?
-100101111
-111 (base 5) to base 10
-31
What is 10 (base 3) in base 14?
3
1001 (base 2) to base 5
14
-105 (base 7) to base 14
-3c
Convert 54 (base 7) to base 10.
39
What is 20120 (base 3) in base 10?
177
Convert 2c (base 16) to base 2.
101100
What is 101111 (base 2) in base 3?
1202
88 (base 11) to base 13
75
-94 (base 13) to base 5
-441
Convert b6 (base 14) to base 12.
114
-111 (base 9) to base 4
-1123
What is -35 (base 11) in base 6?
-102
What is 1001011 (base 2) in base 11?
69
-5 (base 13) to base 14
-5
Convert -24 (base 14) to base 16.
-20
-2 (base 14) to base 8
-2
Convert -10100 (base 2) to base 7.
-26
1 (base 8) to base 2
1
What is -37 (base 13) in base 9?
-51
What is -1 (base 12) in base 15?
-1
What is 5 (base 9) in base 7?
5
Convert -1 (base 10) to base 4.
-1
2024 (base 5) to base 12
1a0
-1111 (base 3) to base 9
-44
136 (base 10) to base 13
a6
What is 3 (base 14) in base 9?
3
2 (base 16) to base 8
2
15 (base 11) to base 14
12
34 (base 9) to base 12
27
100000 (base 2) to base 3
1012
What is -14 (base 6) in base 3?
-101
141 (base 11) to base 12
11a
Convert 2 (base 4) to base 10.
2
What is 14 (base 5) in base 15?
9
5 (base 8) to base 9
5
Convert 10 (base 3) to base 6.
3
Convert 36 (base 7) to base 8.
33
Convert 3 (base 15) to base 9.
3
What is 12 (base 7) in base 13?
9
Convert 11 (base 2) to base 13.
3
What is -101100 (base 2) in base 9?
-48
What is 3 (base 8) in base 12?
3
21 (base 5) to base 13
b
What is 15a (base 13) in base 3?
100001
Convert -10 (base 12) to base 14.
-c
Convert 35 (base 8) to base 4.
131
-2 (base 5) to base 13
-2
What is -2 (base 15) in base 12?
-2
83 (base 10) to base 12
6b
Convert 3 (base 5) to base 2.
11
-11 (base 12) to base 13
-10
Convert -122 (base 3) to base 15.
-12
What is -23 (base 4) in base 5?
-21
What is 2 (base 8) in base 13?
2
Convert -76 (base 8) to base 15.
-42
Convert -522 (base 6) to base 5.
-1234
Convert 11 (base 4) to base 7.
5
Convert -2 (base 9) to base 5.
-2
Convert 311 (base 11) to base 8.
567
Convert 1a (base 11) to base 6.
33
What is -332 (base 4) in base 13?
-4a
1 (base 16) to base 5
1
Convert 11 (base 6) to base 8.
7
0 (base 14) to base 4
0
Convert 14 (base 13) to base 3.
122
15 (base 7) to base 6
20
-3c (base 16) to base 8
-74
201 (base 6) to base 8
111
What is -5c (base 13) in base 16?
-4d
Convert 4 (base 16) to base 13.
4
-21 (base 16) to base 11
-30
What is -20 (base 14) in base 13?
-22
Convert 3 (base 9) to base 